{"id":276,"date":"2016-12-16T14:53:12","date_gmt":"2016-12-16T13:53:12","guid":{"rendered":"http:\/\/www.aussenwerbung-profi.de\/?page_id=276"},"modified":"2017-08-18T10:27:47","modified_gmt":"2017-08-18T08:27:47","slug":"pylone","status":"publish","type":"page","link":"http:\/\/www.aussenwerbung-profi.de\/?page_id=276","title":{"rendered":"Pylone"},"content":{"rendered":"<div class=\"page\" title=\"Page 6\">\n<div class=\"layoutArea\">\n<div class=\"column\">\n<p>Pylone sind als optischer Blickfang aus dem Bereich der freistehenden Werbeanlagen nicht mehr wegzudenken. Pylone sind freistehende Werbeanlagen, die eine schlanke Bauform aufweisen und in Gr\u00f6\u00dfen bis zu 7 m H\u00f6he hergestellt werden. Ein sehr h\u00e4ufiger Einsatzzweck sind Pylone, die als Firmenschilder direkt am Firmengeb\u00e4ude oder an der Einfahrt dienen.<\/p>\n<p><strong>Ausf\u00fchrungen<\/strong><\/p>\n<p>Die Pylone sind mit gerader (planer) Werbefl\u00e4che oder gebogener (konvexer) Werbefl\u00e4che erh\u00e4ltlich, beleuchtet oder unbeleuchtet. Auch Kegel oder Quaderformen sind m\u00f6glich. Besonderer Beliebtheit erfreuen sich Pylone aus Aluminium oder aus Glas mit Edelstahl. In der Regel lassen sich die Werbefl\u00e4chen der Pylone in einzelne Elemente (Kassetten) unterteilen. Dadurch k\u00f6nnen die einzelnen Elemente f\u00fcr unter- schiedliche Werbeaussagen<br \/>\n(oder Firmen) genutzt werden.<\/p>\n<p>Grunds\u00e4tzlich lassen sich Pylone frei gestalten in Form, Farbe und Material. (Abb. Fotogallerie)<\/p>\n<p><img loading=\"lazy\" decoding=\"async\" class=\"alignnone wp-image-277\" src=\"http:\/\/www.aussenwerbung-profi.de\/wp-content\/uploads\/2016\/08\/Bildschirmfoto-2016-08-16-um-14.52.04-300x158.png\" alt=\"Bildschirmfoto 2016-08-16 um 14.52.04\" width=\"361\" height=\"190\" srcset=\"http:\/\/www.aussenwerbung-profi.de\/wp-content\/uploads\/2016\/08\/Bildschirmfoto-2016-08-16-um-14.52.04-300x158.png 300w, http:\/\/www.aussenwerbung-profi.de\/wp-content\/uploads\/2016\/08\/Bildschirmfoto-2016-08-16-um-14.52.04-768x403.png 768w, http:\/\/www.aussenwerbung-profi.de\/wp-content\/uploads\/2016\/08\/Bildschirmfoto-2016-08-16-um-14.52.04-390x205.png 390w, http:\/\/www.aussenwerbung-profi.de\/wp-content\/uploads\/2016\/08\/Bildschirmfoto-2016-08-16-um-14.52.04.png 809w\" sizes=\"auto, (max-width: 361px) 100vw, 361px\" \/><\/p>\n<div class=\"page\" title=\"Page 6\">\n<div class=\"layoutArea\">\n<div class=\"column\">\n<p>Weitere Informationen siehe auch <a href=\"http:\/\/www.lichtwerbe-profi.de\">www.lichtwerbe-profi.de<\/a> und <a href=\"http:\/\/www.pylon-profi.de\">www.pylon-profi.de<\/a>.<\/p>\n<\/div>\n<\/div>\n<\/div>\n<\/div>\n<\/div>\n<\/div>\n","protected":false},"excerpt":{"rendered":"<p>Pylone sind als optischer Blickfang aus dem Bereich der freistehenden Werbeanlagen nicht mehr wegzudenken. Pylone sind freistehende Werbeanlagen, die eine<\/p>\n","protected":false},"author":1,"featured_media":0,"parent":0,"menu_order":0,"comment_status":"closed","ping_status":"closed","template":"","meta":{"footnotes":""},"class_list":["post-276","page","type-page","status-publish","hentry"],"_links":{"self":[{"href":"http:\/\/www.aussenwerbung-profi.de\/index.php?rest_route=\/wp\/v2\/pages\/276","targetHints":{"allow":["GET"]}}],"collection":[{"href":"http:\/\/www.aussenwerbung-profi.de\/index.php?rest_route=\/wp\/v2\/pages"}],"about":[{"href":"http:\/\/www.aussenwerbung-profi.de\/index.php?rest_route=\/wp\/v2\/types\/page"}],"author":[{"embeddable":true,"href":"http:\/\/www.aussenwerbung-profi.de\/index.php?rest_route=\/wp\/v2\/users\/1"}],"replies":[{"embeddable":true,"href":"http:\/\/www.aussenwerbung-profi.de\/index.php?rest_route=%2Fwp%2Fv2%2Fcomments&post=276"}],"version-history":[{"count":4,"href":"http:\/\/www.aussenwerbung-profi.de\/index.php?rest_route=\/wp\/v2\/pages\/276\/revisions"}],"predecessor-version":[{"id":515,"href":"http:\/\/www.aussenwerbung-profi.de\/index.php?rest_route=\/wp\/v2\/pages\/276\/revisions\/515"}],"wp:attachment":[{"href":"http:\/\/www.aussenwerbung-profi.de\/index.php?rest_route=%2Fwp%2Fv2%2Fmedia&parent=276"}],"curies":[{"name":"wp","href":"https:\/\/api.w.org\/{rel}","templated":true}]}}